643*c - 1215291. Calculate v(2).
-5
Let m(c) = -28*c**2 + 3502*c - 251. Determine m(125).
-1
Let a(x) = 1608*x + 1201. What is a(-1)?
-407
Let q(k) = -3*k**3 + 10*k**2 - 347*k + 2093. Determine q(6).
-277
Let f(g) = g**2 - 124*g - 105736. Give f(393).
-19
Let m(y) = -2299*y - 735749. Give m(-320).
-69
Let l(o) = -1230*o**3 - 56*o**2 + 37*o + 2. Give l(1).
-1247
Let b(y) = 2*y**3 - 151*y**2 + 507*y - 170. Calculate b(72).
46
Let b(c) = 22*c**2 + 2493*c + 8045. What is b(-110)?
15
Let x(c) = 163*c**2 + 2652*c + 9324. What is x(-11)?
-125
Let z(r) = -18239*r - 930180. Determine z(-51).
9
Let m(a) = 214750*a - 2147499. Give m(10).
1
Let o(g) = g**3 + 39*g**2 + 1454*g + 46022. What is o(-35)?
32
Let x(w) = 9364*w + 18727. Give x(-2).
-1
Let j(f) = 9*f**2 + 350*f + 292. What is j(-38)?
-12
Let b(c) = -5*c**3 - 257*c**2 - 151*c - 2463. Determine b(-51).
36
Let j(z) = 4*z**3 - 91*z**2 + 398*z - 7308. What is j(22)?
-4
Let u(y) = 65*y**2 + 8219*y - 12932. Calculate u(-128).
-4
Let u(i) = 477*i - 240. Determine u(-1).
-717
Let u(q) = q**2 + 116*q + 5043. Calculate u(-47).
1800
Let o(k) = 8*k**2 + 104*k + 75. Calculate o(-11).
-101
Let j(a) = -4*a**2 + 1129*a + 3105. Determine j(285).
-30
Let g(z) = z**3 - 13*z**2 + 41*z - 137. Determine g(14).
633
Let v(f) = -f**3 - 88*f**2 - 1633*f + 10969. Calculate v(-54).
7
Let g(t) = -1715*t + 59502. Determine g(35).
-523
Let k(m) = -10346*m - 1789856. What is k(-173)?
2
Let t(o) = o**3 - 15*o**2 - 132*o - 282. What is t(-6)?
-246
Let m(v) = -185*v**2 - 3314*v + 9942. What is m(3)?
-1665
Let f(o) = o**2 + 47*o - 1032. Give f(16).
-24
Let n(z) = -25133*z + 24654. Determine n(1).
-479
Let c(k) = 78378*k - 862060. Determine c(11).
98
Let l(x) = -8*x**2 - 2713*x - 36660. Calculate l(-14).
-246
Let t(u) = -2*u**3 - 46*u**2 + 23*u - 551. Give t(-24).
49
Let s(p) = -19*p**3 + 20557*p**2 + 1076*p + 6481. Calculate s(1082).
-11
Let s(i) = -2*i**3 - 155*i**2 - 1083*i + 6217. Determine s(-69).
7
Let t(o) = -2*o**3 + 251*o**2 + 15151*o - 3566. Give t(170).
4
Let t(p) = 19*p**2 + 1272*p - 739. What is t(-66)?
-1927
Let d(p) = -p**2 + 92*p + 562. What is d(101)?
-347
Let r(a) = 24*a**3 + 223*a**2 - 16*a - 722. Calculate r(-9).
-11
Let d(y) = -1221511*y - 1221560. What is d(-1)?
-49
Let j(a) = -2094*a + 9758. Give j(5).
-712
Let u(f) = 6*f**3 + 957*f**2 - 1445*f + 636. Give u(-161).
-8
Let j(d) = 3*d**2 - 120*d - 4520. Calculate j(64).
88
Let w(z) = 483*z - 5743. Determine w(12).
53
Let j(f) = -56*f - 867. What is j(-16)?
29
Let d(q) = q**3 - 437*q**2 + 13696*q + 2365. Give d(403).
-53
Let j(p) = -107*p + 8893. Give j(80).
333
Let m(x) = -22*x**3 + 421*x**2 - 41*x + 47. Determine m(19).
351
Let p(x) = 33*x**2 + 1376*x + 4623. Give p(-38).
-13
Let j(p) = -49*p**2 - 48*p - 17. Give j(2).
-309
Let y(o) = 7*o**3 - 1120*o**2 - 9*o + 626. Determine y(160).
-814
Let r(y) = -291413*y + 2331295. Determine r(8).
-9
Let f(a) = 3*a**2 - 5270*a - 101217. Determine f(-19).
-4
Let n(i) = i**3 + 1322*i**2 + 1397*i + 100391. Calculate n(-1321).
-5
Let a(d) = -d**3 + 12*d**2 + 13*d - 124. Give a(15).
-604
Let b(a) = -a**2 - 412*a - 4149. What is b(-10)?
-129
Let d(p) = 2*p**2 + 33918*p + 1184676. What is d(-35)?
-4
Let f(k) = -35*k**2 - 56*k + 25093. Calculate f(26).
-23
Let g(u) = u**2 + 97*u + 1434. Calculate g(-58).
-828
Let p(w) = 681*w + 234260. What is p(-344)?
-4
Let i(d) = 21129*d + 105677. What is i(-5)?
32
Let w(z) = -22*z**2 + 388*z - 983. Give w(15).
-113
Let s(r) = -4*r**3 - 16015*r**2 + 144459*r + 36. Give s(9).
36
Let x(k) = -2*k**3 - 21*k**2 - 19*k - 102. What is x(-9)?
-174
Let y(o) = -23*o**2 - 62*o + 211. Calculate y(4).
-405
Let g(j) = -3326*j - 43200. Calculate g(-13).
38
Let u(a) = 20*a**2 + 222*a - 5. Give u(-5).
-615
Let p(z) = -265*z - 9054. Give p(-35).
221
Let s(g) = 3164*g**2 - 164*g - 163. What is s(-1)?
3165
Let a(z) = 26*z**2 + 3*z - 7. Calculate a(-2).
91
Let c(f) = -2857*f - 85751. Calculate c(-30).
-41
Let j(n) = 44*n**2 + 842*n - 5901. What is j(6)?
735
Let u(k) = 30104*k - 180328. Determine u(6).
296
Let o(m) = -m**3 + 60*m**2 + 55*m + 76. Give o(61).
-290
Let d(n) = 8*n**3 - 20*n**2 - 43*n. Determine d(-2).
-58
Let g(s) = 7703*s + 4621806. What is g(-600)?
6
Let r(i) = 26*i**2 + 504*i - 48. What is r(-19)?
-238
Let f(b) = -2*b**2 + 434*b + 7211. What is f(-15)?
251
Let y(q) = 116167*q + 116147. Determine y(-1).
-20
Let f(j) = 3*j**3 + 107*j**2 - 1957*j - 93. What is f(14)?
1713
Let l(p) = -1068*p + 21367. Calculate l(20).
7
Let y(v) = 441*v - 225349. Give y(511).
2
Let a(o) = 15928*o - 95544. Determine a(6).
24
Let v(n) = 5*n**3 + 1479*n**2 + 2959*n. Calculate v(-2).
-42
Let g(z) = -7154*z + 307631. Determine g(43).
9
Let d(z) = -168652*z - 2192473. Determine d(-13).
3
Let d(s) = 55*s - 4602. What is d(83)?
-37
Let a(l) = 2*l**3 + 219*l**2 + 212*l + 35428. Determine a(-110).
8
Let g(i) = -47*i**2 + 959*i - 1919. Give g(2).
-189
Let l(b) = b**3 - 80*b**2 + 704*b + 29. Give l(70).
309
Let k(v) = -v**3 - 5*v**2 - 40*v - 262. Give k(-6).
14
Let n(h) = -h**3 - 67*h**2 - 174*h - 2933. What is n(-65)?
-73
Let n(c) = c**3 - 52*c**2 + 491*c + 345. Calculate n(13).
137
Let l(c) = -972*c**2 - 53312*c + 8127. What is l(-55)?
-13
Let r(k) = -k**3 + 192*k**2 - 560*k - 1329. Determine r(189).
-6
Let x(q) = -q**3 + 95*q**2 - 63*q - 1990. Determine x(94).
924
Let t(h) = -150*h**2 - 710*h + 6. Give t(-5).
-194
Let o(v) = 190915*v + 6872940. Calculate o(-36).
0
Let h(q) = -q**3 + 77*q**2 - 586*q + 277. What is h(8)?
5
Let y(u) = 713*u + 16947. Give y(-25).
-878
Let v(x) = 719828*x + 1439665. Calculate v(-2).
9
Let j(x) = x**3 - 2852*x**2 - 620163*x + 427. What is j(-203)?
21
Let m(x) = 5*x**2 - 279*x + 3497. Determine m(37).
19
Let i(g) = g**3 + 3*g**2 + 71*g + 281. Calculate i(-4).
-19
Let w(q) = -q**3 - 74*q**2 + 828*q - 9303. Give w(-85).
-208
Let p(d) = -9*d**3 - 166*d**2 - 599*d - 9499. Calculate p(-18).
-13
Let z(l) = 955*l - 7469. Determine z(8).
171
Let t(l) = l**3 - 1055*l**2 - 35903*l - 1097. What is t(1088)?
-9
Let g(a) = -10*a**2 - 69*a + 5859. Give g(-28).
-49
Let l(i) = 125*i**2 + 568*i + 567. Give l(-1).
124
Let i(y) = 1206*y + 323135. Calculate i(-268).
-73
Let t(p) = 35187*p + 211139. Calculate t(-6).
17
Let d(g) = -7*g**2 + 1188*g + 207238. What is d(-107)?
-21
Let s(v) = 1035*v**2 + 129365*v - 1255. Determine s(-125).
-5
Let o(x) = -x**3 + 83*x**2 + 2445*x - 453. Determine o(106).
289
Let k(j) = -10*j**2 + 1397*j - 2471. Give k(138).
-125
Let l(k) = k**2 + 498*k + 15946. Calculate l(-34).
170
Let b(n) = -48*n**2 - 20237*n - 52365. Give b(-419).
10
Let u(o) = 2688*o + 5462. Calculate u(-2).
86
Let b(z) = -68*z**2 - 6671*z - 688. Determine b(-98).
-2
Let b(c) = -c**3 + 21*c**2 - 346*c + 7315. Give b(21).
49
Let b(c) = 60801*c + 547176. Determine b(-9).
-33
Let k(d) = 75*d + 971. What is k(-16)?
-229
Let m(a) = -35*a**2 + 269*a + 803. Calculate m(10).
-7
Let u(a) = 1072*a**2 + 9671*a + 18. Give u(-9).
-189
Let c(s) = 161*s + 331. What is c(4)?
975
Let n(t) = -2*t**3 + 111*t**2 + 51*t + 46840. What is n(62)?
30
Let d(n) = -42037*n - 168148. What is d(-4)?
0
Let n(g) = 2*g**3 + 81*g**2 + 555*g + 10. Determine n(-32).
-342
Let b(n) = n**2 - 1145*n + 9127. What is b(8)?
31
Let j(r) = 7*r**2 + 706*r - 87130. What is j(72)?
-10
Let r(y) = 2810*y**2 + 28164*y - 18. Give r(-10).
-658
Let k(r) = 10210*r - 194142. Determine k(19).
-152
Let o(h) = 12*h - 4876. Calculate o(10).
-4756
Let u(d) = d**3 + 6*d**2 - 1669. What is u(0)?
-1669
Let u(r) = r**3 - 61*r**2 - 37*r - 1668. What is u(62)?
-118
Let s(r) = -3*r**3 + 3*r**2 + 237*r + 1204. Determine s(-5).
469
Let h(o) = -2*o**2 + 1735*o - 345657. Give h(310).
-7
Let y(v) = 74*v - 5250. Determine y(72).
78
Let l(h) = -1417*h + 56. What is l(0)?
56
Let k(l) = -277438*l**2 - 554871*l + 7. Determine k(-2).
-3
Let t(m) = -35*m**3 - 560*m**2 + 3146*m + 50356. Give t(-16).
20
Let h(m) = -184*m**2 - 751*m + 38. Give h(-4).
98
Let h(s) = 344*s + 100384. Calculate h(-292).
-64
Let c(q) = -5*q**3 + 35*q**2 + 72337*q - 506344. Calculate c(7).
15
Let c(r) = 3396*r + 2057960. What is c(-606)?
-16
Let o(f) = -2*f**2 + 644*f + 295915. What is o(578)?
-21
Let m(i) = -10*i**3 - 84*i**2 - 6161*i - 42444. Calculate m(-7).
-3
Let d(i) = -48*i**2 - 22*i + 137. Determine d(-8).
-2759
Let k(m) 